{"id":788,"date":"2021-02-16T08:31:06","date_gmt":"2021-02-16T11:31:06","guid":{"rendered":"http:\/\/inaff.org.br\/insulina\/?page_id=788"},"modified":"2021-03-17T14:40:13","modified_gmt":"2021-03-17T17:40:13","slug":"cartilhas","status":"publish","type":"page","link":"http:\/\/inaff.org.br\/insulina\/cartilhas\/","title":{"rendered":"Cartilhas"},"content":{"rendered":"\t\t<div data-elementor-type=\"wp-page\" data-elementor-id=\"788\" class=\"elementor elementor-788\" data-elementor-settings=\"[]\">\n\t\t\t\t\t\t<div class=\"elementor-inner\">\n\t\t\t\t\t\t\t<div class=\"elementor-section-wrap\">\n\t\t\t\t\t\t\t<section class=\"elementor-section elementor-top-section elementor-element elementor-element-a0460a4 elementor-section-boxed elementor-section-height-default elementor-section-height-default\" data-id=\"a0460a4\" data-element_type=\"section\">\n\t\t\t\t\t\t<div class=\"elementor-container elementor-column-gap-default\">\n\t\t\t\t\t\t\t<div class=\"elementor-row\">\n\t\t\t\t\t<div class=\"elementor-column elementor-col-100 elementor-top-column elementor-element elementor-element-6b91158\" data-id=\"6b91158\" data-element_type=\"column\">\n\t\t\t<div class=\"elementor-column-wrap elementor-element-populated\">\n\t\t\t\t\t\t\t<div class=\"elementor-widget-wrap\">\n\t\t\t\t\t\t<div class=\"elementor-element elementor-element-a922412 elementor-widget elementor-widget-spacer\" data-id=\"a922412\" data-element_type=\"widget\" data-widget_type=\"spacer.default\">\n\t\t\t\t<div class=\"elementor-widget-container\">\n\t\t\t\t\t<div class=\"elementor-spacer\">\n\t\t\t<div class=\"elementor-spacer-inner\"><\/div>\n\t\t<\/div>\n\t\t\t\t<\/div>\n\t\t\t\t<\/div>\n\t\t\t\t\t\t<\/div>\n\t\t\t\t\t<\/div>\n\t\t<\/div>\n\t\t\t\t\t\t\t\t<\/div>\n\t\t\t\t\t<\/div>\n\t\t<\/section>\n\t\t\t\t<section class=\"elementor-section elementor-top-section elementor-element elementor-element-e7c635b elementor-section-boxed elementor-section-height-default elementor-section-height-default\" data-id=\"e7c635b\" data-element_type=\"section\">\n\t\t\t\t\t\t<div class=\"elementor-container elementor-column-gap-default\">\n\t\t\t\t\t\t\t<div class=\"elementor-row\">\n\t\t\t\t\t<div class=\"elementor-column elementor-col-50 elementor-top-column elementor-element elementor-element-794e7ce\" data-id=\"794e7ce\" data-element_type=\"column\">\n\t\t\t<div class=\"elementor-column-wrap elementor-element-populated\">\n\t\t\t\t\t\t\t<div class=\"elementor-widget-wrap\">\n\t\t\t\t\t\t<div class=\"elementor-element elementor-element-5259478 elementor-widget elementor-widget-image\" data-id=\"5259478\" data-element_type=\"widget\" data-widget_type=\"image.default\">\n\t\t\t\t<div class=\"elementor-widget-container\">\n\t\t\t\t\t<div class=\"elementor-image\">\n\t\t\t\t\t\t\t\t\t\t\t<a href=\"http:\/\/inaff.org.br\/insulina\/wp-content\/uploads\/2021\/03\/CARTILHA.pdf\">\n\t\t\t\t\t\t\t<img width=\"724\" height=\"1024\" src=\"http:\/\/inaff.org.br\/insulina\/wp-content\/uploads\/2021\/03\/CAPA-CARTILHA-724x1024.png\" class=\"attachment-large size-large\" alt=\"\" loading=\"lazy\" srcset=\"http:\/\/inaff.org.br\/insulina\/wp-content\/uploads\/2021\/03\/CAPA-CARTILHA-724x1024.png 724w, http:\/\/inaff.org.br\/insulina\/wp-content\/uploads\/2021\/03\/CAPA-CARTILHA-212x300.png 212w, http:\/\/inaff.org.br\/insulina\/wp-content\/uploads\/2021\/03\/CAPA-CARTILHA-768x1086.png 768w, http:\/\/inaff.org.br\/insulina\/wp-content\/uploads\/2021\/03\/CAPA-CARTILHA-1086x1536.png 1086w, http:\/\/inaff.org.br\/insulina\/wp-content\/uploads\/2021\/03\/CAPA-CARTILHA-1448x2048.png 1448w\" sizes=\"(max-width: 724px) 100vw, 724px\" \/>\t\t\t\t\t\t\t\t<\/a>\n\t\t\t\t\t\t\t\t\t\t\t<\/div>\n\t\t\t\t<\/div>\n\t\t\t\t<\/div>\n\t\t\t\t\t\t<\/div>\n\t\t\t\t\t<\/div>\n\t\t<\/div>\n\t\t\t\t<div class=\"elementor-column elementor-col-50 elementor-top-column elementor-element elementor-element-ed7278d\" data-id=\"ed7278d\" data-element_type=\"column\">\n\t\t\t<div class=\"elementor-column-wrap elementor-element-populated\">\n\t\t\t\t\t\t\t<div class=\"elementor-widget-wrap\">\n\t\t\t\t\t\t<div class=\"elementor-element elementor-element-d7be143 elementor-widget elementor-widget-heading\" data-id=\"d7be143\" data-element_type=\"widget\" data-widget_type=\"heading.default\">\n\t\t\t\t<div class=\"elementor-widget-container\">\n\t\t\t<h2 class=\"elementor-heading-title elementor-size-default\">CARTILHA - NOTAS T\u00c9CNICAS SOBRE\nDISTRIBUI\u00c7\u00c3O DAS CANETAS DE INSULINA\nNPH E REGULAR NO SUS<\/h2>\t\t<\/div>\n\t\t\t\t<\/div>\n\t\t\t\t<div class=\"elementor-element elementor-element-bbfc6f7 elementor-widget elementor-widget-text-editor\" data-id=\"bbfc6f7\" data-element_type=\"widget\" data-widget_type=\"text-editor.default\">\n\t\t\t\t<div class=\"elementor-widget-container\">\n\t\t\t\t\t<div class=\"elementor-text-editor elementor-clearfix\"><p>Hist\u00f3rico sobre as notas t\u00e9cnicas que estabeleceram os crit\u00e9rios para distribui\u00e7\u00e3o e dispensa\u00e7\u00e3o das canetas de insulina NPH e regular no SUS, com foco na NT 84\/2021, que atualiza as anteriores e sugere os cen\u00e1rios para distribui\u00e7\u00e3o das canetas.<\/p><p>Al\u00e9m disso, oferece orienta\u00e7\u00e3o a gestores e profissionais sobre como realizar o c\u00e1lculo para recebimento adequado do n\u00famero de canetas e para dispensa\u00e7\u00e3o correta ao paciente.<\/p><\/div>\n\t\t\t\t<\/div>\n\t\t\t\t<\/div>\n\t\t\t\t<div class=\"elementor-element elementor-element-80fe9c0 elementor-widget elementor-widget-button\" data-id=\"80fe9c0\" data-element_type=\"widget\" data-widget_type=\"button.default\">\n\t\t\t\t<div class=\"elementor-widget-container\">\n\t\t\t\t\t<div class=\"elementor-button-wrapper\">\n\t\t\t<a href=\"http:\/\/inaff.org.br\/insulina\/wp-content\/uploads\/2021\/03\/CARTILHA.pdf\" target=\"_blank\" class=\"elementor-button-link elementor-button elementor-size-sm\" role=\"button\">\n\t\t\t\t\t\t<span class=\"elementor-button-content-wrapper\">\n\t\t\t\t\t\t<span class=\"elementor-button-text\">Fa\u00e7a o download da cartilha<\/span>\n\t\t<\/span>\n\t\t\t\t\t<\/a>\n\t\t<\/div>\n\t\t\t\t<\/div>\n\t\t\t\t<\/div>\n\t\t\t\t\t\t<\/div>\n\t\t\t\t\t<\/div>\n\t\t<\/div>\n\t\t\t\t\t\t\t\t<\/div>\n\t\t\t\t\t<\/div>\n\t\t<\/section>\n\t\t\t\t<section class=\"elementor-section elementor-top-section elementor-element elementor-element-8b2200a elementor-section-boxed elementor-section-height-default elementor-section-height-default\" data-id=\"8b2200a\" data-element_type=\"section\">\n\t\t\t\t\t\t<div class=\"elementor-container elementor-column-gap-default\">\n\t\t\t\t\t\t\t<div class=\"elementor-row\">\n\t\t\t\t\t<div class=\"elementor-column elementor-col-100 elementor-top-column elementor-element elementor-element-0bf8467\" data-id=\"0bf8467\" data-element_type=\"column\">\n\t\t\t<div class=\"elementor-column-wrap elementor-element-populated\">\n\t\t\t\t\t\t\t<div class=\"elementor-widget-wrap\">\n\t\t\t\t\t\t<div class=\"elementor-element elementor-element-356f99b elementor-widget elementor-widget-spacer\" data-id=\"356f99b\" data-element_type=\"widget\" data-widget_type=\"spacer.default\">\n\t\t\t\t<div class=\"elementor-widget-container\">\n\t\t\t\t\t<div class=\"elementor-spacer\">\n\t\t\t<div class=\"elementor-spacer-inner\"><\/div>\n\t\t<\/div>\n\t\t\t\t<\/div>\n\t\t\t\t<\/div>\n\t\t\t\t\t\t<\/div>\n\t\t\t\t\t<\/div>\n\t\t<\/div>\n\t\t\t\t\t\t\t\t<\/div>\n\t\t\t\t\t<\/div>\n\t\t<\/section>\n\t\t\t\t\t\t<\/div>\n\t\t\t\t\t\t<\/div>\n\t\t\t\t\t<\/div>\n\t\t","protected":false},"excerpt":{"rendered":"<p>CARTILHA &#8211; NOTAS T\u00c9CNICAS SOBRE DISTRIBUI\u00c7\u00c3O DAS CANETAS DE INSULINA NPH E REGULAR NO SUS Hist\u00f3rico sobre as notas t\u00e9cnicas que estabeleceram os crit\u00e9rios para distribui\u00e7\u00e3o e dispensa\u00e7\u00e3o das canetas de insulina NPH e regular no SUS, com foco na NT 84\/2021, que atualiza as anteriores e sugere os cen\u00e1rios para distribui\u00e7\u00e3o das canetas. Al\u00e9m &hellip;<\/p>\n<p class=\"read-more\"> <a class=\"\" href=\"http:\/\/inaff.org.br\/insulina\/cartilhas\/\"> <span class=\"screen-reader-text\">Cartilhas<\/span> Leia mais \u00bb<\/a><\/p>\n","protected":false},"author":1,"featured_media":0,"parent":0,"menu_order":0,"comment_status":"closed","ping_status":"closed","template":"","meta":[],"_links":{"self":[{"href":"http:\/\/inaff.org.br\/insulina\/wp-json\/wp\/v2\/pages\/788"}],"collection":[{"href":"http:\/\/inaff.org.br\/insulina\/wp-json\/wp\/v2\/pages"}],"about":[{"href":"http:\/\/inaff.org.br\/insulina\/wp-json\/wp\/v2\/types\/page"}],"author":[{"embeddable":true,"href":"http:\/\/inaff.org.br\/insulina\/wp-json\/wp\/v2\/users\/1"}],"replies":[{"embeddable":true,"href":"http:\/\/inaff.org.br\/insulina\/wp-json\/wp\/v2\/comments?post=788"}],"version-history":[{"count":19,"href":"http:\/\/inaff.org.br\/insulina\/wp-json\/wp\/v2\/pages\/788\/revisions"}],"predecessor-version":[{"id":1309,"href":"http:\/\/inaff.org.br\/insulina\/wp-json\/wp\/v2\/pages\/788\/revisions\/1309"}],"wp:attachment":[{"href":"http:\/\/inaff.org.br\/insulina\/wp-json\/wp\/v2\/media?parent=788"}],"curies":[{"name":"wp","href":"https:\/\/api.w.org\/{rel}","templated":true}]}}