{"id":392,"date":"2021-02-15T15:02:19","date_gmt":"2021-02-15T18:02:19","guid":{"rendered":"http:\/\/inaff.org.br\/insulina\/?page_id=392"},"modified":"2021-03-03T12:24:14","modified_gmt":"2021-03-03T15:24:14","slug":"o-curso","status":"publish","type":"page","link":"http:\/\/inaff.org.br\/insulina\/o-curso\/","title":{"rendered":"O Curso"},"content":{"rendered":"\t\t<div data-elementor-type=\"wp-page\" data-elementor-id=\"392\" class=\"elementor elementor-392\" data-elementor-settings=\"[]\">\n\t\t\t\t\t\t<div class=\"elementor-inner\">\n\t\t\t\t\t\t\t<div class=\"elementor-section-wrap\">\n\t\t\t\t\t\t\t<section class=\"elementor-section elementor-top-section elementor-element elementor-element-d526b17 elementor-section-boxed elementor-section-height-default elementor-section-height-default\" data-id=\"d526b17\" data-element_type=\"section\">\n\t\t\t\t\t\t<div class=\"elementor-container elementor-column-gap-default\">\n\t\t\t\t\t\t\t<div class=\"elementor-row\">\n\t\t\t\t\t<div class=\"elementor-column elementor-col-100 elementor-top-column elementor-element elementor-element-de7688a\" data-id=\"de7688a\" data-element_type=\"column\">\n\t\t\t<div class=\"elementor-column-wrap elementor-element-populated\">\n\t\t\t\t\t\t\t<div class=\"elementor-widget-wrap\">\n\t\t\t\t\t\t<div class=\"elementor-element elementor-element-119b1a3 elementor-widget elementor-widget-image\" data-id=\"119b1a3\" data-element_type=\"widget\" data-widget_type=\"image.default\">\n\t\t\t\t<div class=\"elementor-widget-container\">\n\t\t\t\t\t<div class=\"elementor-image\">\n\t\t\t\t\t\t\t\t\t\t<img width=\"1920\" height=\"1000\" src=\"http:\/\/inaff.org.br\/insulina\/wp-content\/uploads\/2021\/03\/banner_site1.png\" class=\"attachment-full size-full\" alt=\"\" loading=\"lazy\" srcset=\"http:\/\/inaff.org.br\/insulina\/wp-content\/uploads\/2021\/03\/banner_site1.png 1920w, http:\/\/inaff.org.br\/insulina\/wp-content\/uploads\/2021\/03\/banner_site1-300x156.png 300w, http:\/\/inaff.org.br\/insulina\/wp-content\/uploads\/2021\/03\/banner_site1-1024x533.png 1024w, http:\/\/inaff.org.br\/insulina\/wp-content\/uploads\/2021\/03\/banner_site1-768x400.png 768w, http:\/\/inaff.org.br\/insulina\/wp-content\/uploads\/2021\/03\/banner_site1-1536x800.png 1536w\" sizes=\"(max-width: 1920px) 100vw, 1920px\" \/>\t\t\t\t\t\t\t\t\t\t\t<\/div>\n\t\t\t\t<\/div>\n\t\t\t\t<\/div>\n\t\t\t\t\t\t<\/div>\n\t\t\t\t\t<\/div>\n\t\t<\/div>\n\t\t\t\t\t\t\t\t<\/div>\n\t\t\t\t\t<\/div>\n\t\t<\/section>\n\t\t\t\t<section class=\"elementor-section elementor-top-section elementor-element elementor-element-e620d23 elementor-section-height-min-height elementor-section-boxed elementor-section-height-default elementor-section-items-middle\" data-id=\"e620d23\" data-element_type=\"section\">\n\t\t\t\t\t\t<div class=\"elementor-container elementor-column-gap-default\">\n\t\t\t\t\t\t\t<div class=\"elementor-row\">\n\t\t\t\t\t<div class=\"elementor-column elementor-col-100 elementor-top-column elementor-element elementor-element-d9f762c\" data-id=\"d9f762c\" data-element_type=\"column\">\n\t\t\t<div class=\"elementor-column-wrap elementor-element-populated\">\n\t\t\t\t\t\t\t<div class=\"elementor-widget-wrap\">\n\t\t\t\t\t\t<div class=\"elementor-element elementor-element-0a3e660 elementor-widget elementor-widget-text-editor\" data-id=\"0a3e660\" data-element_type=\"widget\" data-widget_type=\"text-editor.default\">\n\t\t\t\t<div class=\"elementor-widget-container\">\n\t\t\t\t\t<div class=\"elementor-text-editor elementor-clearfix\"><p><span style=\"font-weight: 400;\">O <strong>Curso sobre Seguran\u00e7a do Paciente com Diabetes na Administra\u00e7\u00e3o de Insulinas<\/strong> pretende capacitar gestores e profissionais de sa\u00fade na \u00e1rea de Assist\u00eancia Farmac\u00eautica das Secretarias Estaduais e Municipais de Sa\u00fade para realizar Educa\u00e7\u00e3o em Sa\u00fade sobre o uso racional e seguro das canetas de insulinas. Contar\u00e1 com um canal de perguntas e respostas no Ambiente Virtual de Aprendizagem (AVA) na plataforma INAFF EAD;<\/span><\/p><h2><b>METODOLOGIA<\/b><\/h2><ul><li>O curso ser\u00e1 realizado atrav\u00e9s de um encontro virtual com dura\u00e7\u00e3o de 4 horas, em cada SES, incluindo profissionais e gestores dos munic\u00edpios e centros de refer\u00eancia;<\/li><li>O programa ser\u00e1 baseado no diagn\u00f3stico situacional sobre os principais problemas sobre armazenamento, transporte, dispensa\u00e7\u00e3o e utiliza\u00e7\u00e3o de insulina nos Estados selecionados para o treinamento atrav\u00e9s de question\u00e1rio aplicado aos gestores;<\/li><li>O curso ficar\u00e1 disponibilizado na plataforma INAFF no formato de v\u00eddeo-aula, bem como todo o material did\u00e1tico complementar.<\/li><\/ul><p>Ao completar o curso voc\u00ea ser\u00e1 capaz de:<\/p><ul><li><span style=\"font-weight: 400;\">Compreender e Identificar os objetivos da Pol\u00edtica Nacional de Assist\u00eancia Farmac\u00eautica como foco no acesso a medicamentos para o tratamento do diabetes;<\/span><\/li><li><span style=\"font-weight: 400;\">Compreender o tratamento da diabetes baseado em insulinoterapia;<\/span><\/li><li><span style=\"font-weight: 400;\">Entender os crit\u00e9rios t\u00e9cnicos e cient\u00edficos para a armazenamento, transporte, dispensa\u00e7\u00e3o e utiliza\u00e7\u00e3o das canetas de insulinas (caracter\u00edsticas das canetas de insulinas e seu uso, caracter\u00edsticas das agulhas para aplica\u00e7\u00e3o de insulina por canetas; preparo e aplica\u00e7\u00e3o das canetas e seringas de insulina);<\/span><\/li><li><span style=\"font-weight: 400;\">Compreender as notas t\u00e9cnicas do Minist\u00e9rio de Sa\u00fade\/Secretarias de Sa\u00fade sobre a dispensa\u00e7\u00e3o e utiliza\u00e7\u00e3o das insulinas utilizadas no \u00e2mbito do SUS, bem como os c\u00e1lculos para dispensa\u00e7\u00e3o das agulhas;<\/span><\/li><li><span style=\"font-weight: 400;\">Identificar os riscos e consequ\u00eancias relacionados ao uso de canetas e outros insumos empregados no tratamento do paciente diab\u00e9tico.<\/span><\/li><\/ul><h3><b>AVALIA\u00c7\u00c3O DE APRENDIZAGEM<\/b><\/h3><p><span style=\"font-weight: 400;\">Indicadores que norteiam o processo avaliativo:<\/span><\/p><ul><li><span style=\"font-weight: 400;\">Frequ\u00eancia no encontro virtual;<\/span><\/li><li><span style=\"font-weight: 400;\">Resolu\u00e7\u00e3o de question\u00e1rio de quest\u00f5es de m\u00faltipla escolha que ser\u00e1 disponibilizado por meio da plataforma INAFF EAD;<\/span><\/li><\/ul><\/div>\n\t\t\t\t<\/div>\n\t\t\t\t<\/div>\n\t\t\t\t\t\t<\/div>\n\t\t\t\t\t<\/div>\n\t\t<\/div>\n\t\t\t\t\t\t\t\t<\/div>\n\t\t\t\t\t<\/div>\n\t\t<\/section>\n\t\t\t\t\t\t<\/div>\n\t\t\t\t\t\t<\/div>\n\t\t\t\t\t<\/div>\n\t\t","protected":false},"excerpt":{"rendered":"<p>O Curso sobre Seguran\u00e7a do Paciente com Diabetes na Administra\u00e7\u00e3o de Insulinas pretende capacitar gestores e profissionais de sa\u00fade na \u00e1rea de Assist\u00eancia Farmac\u00eautica das Secretarias Estaduais e Municipais de Sa\u00fade para realizar Educa\u00e7\u00e3o em Sa\u00fade sobre o uso racional e seguro das canetas de insulinas. Contar\u00e1 com um canal de perguntas e respostas no &hellip;<\/p>\n<p class=\"read-more\"> <a class=\"\" href=\"http:\/\/inaff.org.br\/insulina\/o-curso\/\"> <span class=\"screen-reader-text\">O Curso<\/span> Leia mais \u00bb<\/a><\/p>\n","protected":false},"author":1,"featured_media":0,"parent":0,"menu_order":0,"comment_status":"closed","ping_status":"closed","template":"","meta":[],"_links":{"self":[{"href":"http:\/\/inaff.org.br\/insulina\/wp-json\/wp\/v2\/pages\/392"}],"collection":[{"href":"http:\/\/inaff.org.br\/insulina\/wp-json\/wp\/v2\/pages"}],"about":[{"href":"http:\/\/inaff.org.br\/insulina\/wp-json\/wp\/v2\/types\/page"}],"author":[{"embeddable":true,"href":"http:\/\/inaff.org.br\/insulina\/wp-json\/wp\/v2\/users\/1"}],"replies":[{"embeddable":true,"href":"http:\/\/inaff.org.br\/insulina\/wp-json\/wp\/v2\/comments?post=392"}],"version-history":[{"count":28,"href":"http:\/\/inaff.org.br\/insulina\/wp-json\/wp\/v2\/pages\/392\/revisions"}],"predecessor-version":[{"id":1104,"href":"http:\/\/inaff.org.br\/insulina\/wp-json\/wp\/v2\/pages\/392\/revisions\/1104"}],"wp:attachment":[{"href":"http:\/\/inaff.org.br\/insulina\/wp-json\/wp\/v2\/media?parent=392"}],"curies":[{"name":"wp","href":"https:\/\/api.w.org\/{rel}","templated":true}]}}