{"id":1726,"date":"2021-09-27T09:16:12","date_gmt":"2021-09-27T12:16:12","guid":{"rendered":"http:\/\/inaff.org.br\/insulina\/?page_id=1726"},"modified":"2021-11-29T10:06:05","modified_gmt":"2021-11-29T13:06:05","slug":"acesso_medicos","status":"publish","type":"page","link":"http:\/\/inaff.org.br\/insulina\/acesso_medicos\/","title":{"rendered":"ACESSO A INSULINAS | M\u00e9dicos da Aten\u00e7\u00e3o B\u00e1sica"},"content":{"rendered":"\t\t<div data-elementor-type=\"wp-page\" data-elementor-id=\"1726\" class=\"elementor elementor-1726\" data-elementor-settings=\"[]\">\n\t\t\t\t\t\t<div class=\"elementor-inner\">\n\t\t\t\t\t\t\t<div class=\"elementor-section-wrap\">\n\t\t\t\t\t\t\t<section class=\"elementor-section elementor-top-section elementor-element elementor-element-8dea8e1 elementor-section-boxed elementor-section-height-default elementor-section-height-default\" data-id=\"8dea8e1\" data-element_type=\"section\">\n\t\t\t\t\t\t<div class=\"elementor-container elementor-column-gap-default\">\n\t\t\t\t\t\t\t<div class=\"elementor-row\">\n\t\t\t\t\t<div class=\"elementor-column elementor-col-100 elementor-top-column elementor-element elementor-element-791565f\" data-id=\"791565f\" data-element_type=\"column\">\n\t\t\t<div class=\"elementor-column-wrap elementor-element-populated\">\n\t\t\t\t\t\t\t<div class=\"elementor-widget-wrap\">\n\t\t\t\t\t\t<div class=\"elementor-element elementor-element-731c902 elementor-widget elementor-widget-image\" data-id=\"731c902\" data-element_type=\"widget\" data-widget_type=\"image.default\">\n\t\t\t\t<div class=\"elementor-widget-container\">\n\t\t\t\t\t<div class=\"elementor-image\">\n\t\t\t\t\t\t\t\t\t\t<img width=\"1024\" height=\"357\" src=\"http:\/\/inaff.org.br\/insulina\/wp-content\/uploads\/2021\/09\/banner_medicos-1024x357.png\" class=\"attachment-large size-large\" alt=\"\" loading=\"lazy\" srcset=\"http:\/\/inaff.org.br\/insulina\/wp-content\/uploads\/2021\/09\/banner_medicos-1024x357.png 1024w, http:\/\/inaff.org.br\/insulina\/wp-content\/uploads\/2021\/09\/banner_medicos-300x105.png 300w, http:\/\/inaff.org.br\/insulina\/wp-content\/uploads\/2021\/09\/banner_medicos-768x268.png 768w, http:\/\/inaff.org.br\/insulina\/wp-content\/uploads\/2021\/09\/banner_medicos-1536x535.png 1536w, http:\/\/inaff.org.br\/insulina\/wp-content\/uploads\/2021\/09\/banner_medicos.png 1664w\" sizes=\"(max-width: 1024px) 100vw, 1024px\" \/>\t\t\t\t\t\t\t\t\t\t\t<\/div>\n\t\t\t\t<\/div>\n\t\t\t\t<\/div>\n\t\t\t\t\t\t<\/div>\n\t\t\t\t\t<\/div>\n\t\t<\/div>\n\t\t\t\t\t\t\t\t<\/div>\n\t\t\t\t\t<\/div>\n\t\t<\/section>\n\t\t\t\t<section class=\"elementor-section elementor-top-section elementor-element elementor-element-57eee03 elementor-section-boxed elementor-section-height-default elementor-section-height-default\" data-id=\"57eee03\" data-element_type=\"section\">\n\t\t\t\t\t\t<div class=\"elementor-container elementor-column-gap-default\">\n\t\t\t\t\t\t\t<div class=\"elementor-row\">\n\t\t\t\t\t<div class=\"elementor-column elementor-col-100 elementor-top-column elementor-element elementor-element-08ceccf\" data-id=\"08ceccf\" data-element_type=\"column\">\n\t\t\t<div class=\"elementor-column-wrap elementor-element-populated\">\n\t\t\t\t\t\t\t<div class=\"elementor-widget-wrap\">\n\t\t\t\t\t\t<div class=\"elementor-element elementor-element-77bf9e5 elementor-widget elementor-widget-heading\" data-id=\"77bf9e5\" data-element_type=\"widget\" data-widget_type=\"heading.default\">\n\t\t\t\t<div class=\"elementor-widget-container\">\n\t\t\t<h2 class=\"elementor-heading-title elementor-size-default\">Evento Online sobre Inova\u00e7\u00f5es no Tratamento do Diabetes<\/h2>\t\t<\/div>\n\t\t\t\t<\/div>\n\t\t\t\t\t\t<\/div>\n\t\t\t\t\t<\/div>\n\t\t<\/div>\n\t\t\t\t\t\t\t\t<\/div>\n\t\t\t\t\t<\/div>\n\t\t<\/section>\n\t\t\t\t<section class=\"elementor-section elementor-top-section elementor-element elementor-element-f0e670b elementor-section-boxed elementor-section-height-default elementor-section-height-default\" data-id=\"f0e670b\" data-element_type=\"section\">\n\t\t\t\t\t\t<div class=\"elementor-container elementor-column-gap-default\">\n\t\t\t\t\t\t\t<div class=\"elementor-row\">\n\t\t\t\t\t<div class=\"elementor-column elementor-col-100 elementor-top-column elementor-element elementor-element-04b7fe4\" data-id=\"04b7fe4\" data-element_type=\"column\">\n\t\t\t<div class=\"elementor-column-wrap elementor-element-populated\">\n\t\t\t\t\t\t\t<div class=\"elementor-widget-wrap\">\n\t\t\t\t\t\t<div class=\"elementor-element elementor-element-88bde0f elementor-widget elementor-widget-heading\" data-id=\"88bde0f\" data-element_type=\"widget\" data-widget_type=\"heading.default\">\n\t\t\t\t<div class=\"elementor-widget-container\">\n\t\t\t<h2 class=\"elementor-heading-title elementor-size-default\">Inscreva-se!<\/h2>\t\t<\/div>\n\t\t\t\t<\/div>\n\t\t\t\t\t\t<\/div>\n\t\t\t\t\t<\/div>\n\t\t<\/div>\n\t\t\t\t\t\t\t\t<\/div>\n\t\t\t\t\t<\/div>\n\t\t<\/section>\n\t\t\t\t<section class=\"elementor-section elementor-top-section elementor-element elementor-element-6cd353c elementor-section-boxed elementor-section-height-default elementor-section-height-default\" data-id=\"6cd353c\" data-element_type=\"section\">\n\t\t\t\t\t\t<div class=\"elementor-container elementor-column-gap-default\">\n\t\t\t\t\t\t\t<div class=\"elementor-row\">\n\t\t\t\t\t<div class=\"elementor-column elementor-col-100 elementor-top-column elementor-element elementor-element-0834e2e\" data-id=\"0834e2e\" data-element_type=\"column\">\n\t\t\t<div class=\"elementor-column-wrap elementor-element-populated\">\n\t\t\t\t\t\t\t<div class=\"elementor-widget-wrap\">\n\t\t\t\t\t\t<div class=\"elementor-element elementor-element-b10f660 elementor-widget elementor-widget-spacer\" data-id=\"b10f660\" data-element_type=\"widget\" data-widget_type=\"spacer.default\">\n\t\t\t\t<div class=\"elementor-widget-container\">\n\t\t\t\t\t<div class=\"elementor-spacer\">\n\t\t\t<div class=\"elementor-spacer-inner\"><\/div>\n\t\t<\/div>\n\t\t\t\t<\/div>\n\t\t\t\t<\/div>\n\t\t\t\t\t\t<\/div>\n\t\t\t\t\t<\/div>\n\t\t<\/div>\n\t\t\t\t\t\t\t\t<\/div>\n\t\t\t\t\t<\/div>\n\t\t<\/section>\n\t\t\t\t<section class=\"elementor-section elementor-top-section elementor-element elementor-element-34bb619 elementor-section-boxed elementor-section-height-default elementor-section-height-default\" data-id=\"34bb619\" data-element_type=\"section\">\n\t\t\t\t\t\t<div class=\"elementor-container elementor-column-gap-default\">\n\t\t\t\t\t\t\t<div class=\"elementor-row\">\n\t\t\t\t\t<div class=\"elementor-column elementor-col-50 elementor-top-column elementor-element elementor-element-b10c02c\" data-id=\"b10c02c\" data-element_type=\"column\">\n\t\t\t<div class=\"elementor-column-wrap elementor-element-populated\">\n\t\t\t\t\t\t\t<div class=\"elementor-widget-wrap\">\n\t\t\t\t\t\t<div class=\"elementor-element elementor-element-a24d764 elementor-invisible elementor-widget elementor-widget-image\" data-id=\"a24d764\" data-element_type=\"widget\" data-settings=\"{&quot;_animation&quot;:&quot;fadeInDown&quot;}\" data-widget_type=\"image.default\">\n\t\t\t\t<div class=\"elementor-widget-container\">\n\t\t\t\t\t<div class=\"elementor-image\">\n\t\t\t\t\t\t\t\t\t\t\t<a href=\"http:\/\/inaff.org.br\/insulina\/aulaaovivo_medicos\/\">\n\t\t\t\t\t\t\t<img width=\"1000\" height=\"1000\" src=\"http:\/\/inaff.org.br\/insulina\/wp-content\/uploads\/2021\/09\/card-4.png\" class=\"attachment-large size-large\" alt=\"\" loading=\"lazy\" srcset=\"http:\/\/inaff.org.br\/insulina\/wp-content\/uploads\/2021\/09\/card-4.png 1000w, http:\/\/inaff.org.br\/insulina\/wp-content\/uploads\/2021\/09\/card-4-300x300.png 300w, http:\/\/inaff.org.br\/insulina\/wp-content\/uploads\/2021\/09\/card-4-150x150.png 150w, http:\/\/inaff.org.br\/insulina\/wp-content\/uploads\/2021\/09\/card-4-768x768.png 768w\" sizes=\"(max-width: 1000px) 100vw, 1000px\" \/>\t\t\t\t\t\t\t\t<\/a>\n\t\t\t\t\t\t\t\t\t\t\t<\/div>\n\t\t\t\t<\/div>\n\t\t\t\t<\/div>\n\t\t\t\t\t\t<\/div>\n\t\t\t\t\t<\/div>\n\t\t<\/div>\n\t\t\t\t<div class=\"elementor-column elementor-col-50 elementor-top-column elementor-element elementor-element-71a2679\" data-id=\"71a2679\" data-element_type=\"column\">\n\t\t\t<div class=\"elementor-column-wrap elementor-element-populated\">\n\t\t\t\t\t\t\t<div class=\"elementor-widget-wrap\">\n\t\t\t\t\t\t<div class=\"elementor-element elementor-element-111c7eb elementor-invisible elementor-widget elementor-widget-image\" data-id=\"111c7eb\" data-element_type=\"widget\" data-settings=\"{&quot;_animation&quot;:&quot;fadeInDown&quot;}\" data-widget_type=\"image.default\">\n\t\t\t\t<div class=\"elementor-widget-container\">\n\t\t\t\t\t<div class=\"elementor-image\">\n\t\t\t\t\t\t\t\t\t\t\t<a href=\"https:\/\/mailchi.mp\/inaff\/insulina_sul\">\n\t\t\t\t\t\t\t<img width=\"1000\" height=\"1000\" src=\"http:\/\/inaff.org.br\/insulina\/wp-content\/uploads\/2021\/11\/card-2.png\" class=\"attachment-large size-large\" alt=\"\" loading=\"lazy\" srcset=\"http:\/\/inaff.org.br\/insulina\/wp-content\/uploads\/2021\/11\/card-2.png 1000w, http:\/\/inaff.org.br\/insulina\/wp-content\/uploads\/2021\/11\/card-2-300x300.png 300w, http:\/\/inaff.org.br\/insulina\/wp-content\/uploads\/2021\/11\/card-2-150x150.png 150w, http:\/\/inaff.org.br\/insulina\/wp-content\/uploads\/2021\/11\/card-2-768x768.png 768w\" sizes=\"(max-width: 1000px) 100vw, 1000px\" \/>\t\t\t\t\t\t\t\t<\/a>\n\t\t\t\t\t\t\t\t\t\t\t<\/div>\n\t\t\t\t<\/div>\n\t\t\t\t<\/div>\n\t\t\t\t\t\t<\/div>\n\t\t\t\t\t<\/div>\n\t\t<\/div>\n\t\t\t\t\t\t\t\t<\/div>\n\t\t\t\t\t<\/div>\n\t\t<\/section>\n\t\t\t\t<section class=\"elementor-section elementor-top-section elementor-element elementor-element-987b732 elementor-section-boxed elementor-section-height-default elementor-section-height-default\" data-id=\"987b732\" data-element_type=\"section\">\n\t\t\t\t\t\t<div class=\"elementor-container elementor-column-gap-default\">\n\t\t\t\t\t\t\t<div class=\"elementor-row\">\n\t\t\t\t\t<div class=\"elementor-column elementor-col-50 elementor-top-column elementor-element elementor-element-17d4fe2\" data-id=\"17d4fe2\" data-element_type=\"column\">\n\t\t\t<div class=\"elementor-column-wrap elementor-element-populated\">\n\t\t\t\t\t\t\t<div class=\"elementor-widget-wrap\">\n\t\t\t\t\t\t<div class=\"elementor-element elementor-element-79bf87e elementor-invisible elementor-widget elementor-widget-image\" data-id=\"79bf87e\" data-element_type=\"widget\" data-settings=\"{&quot;_animation&quot;:&quot;fadeInLeft&quot;}\" data-widget_type=\"image.default\">\n\t\t\t\t<div class=\"elementor-widget-container\">\n\t\t\t\t\t<div class=\"elementor-image\">\n\t\t\t\t\t\t\t\t\t\t\t<a href=\"https:\/\/mailchi.mp\/inaff\/insulina_co\">\n\t\t\t\t\t\t\t<img width=\"1000\" height=\"1000\" src=\"http:\/\/inaff.org.br\/insulina\/wp-content\/uploads\/2021\/11\/card-1.png\" class=\"attachment-large size-large\" alt=\"\" loading=\"lazy\" srcset=\"http:\/\/inaff.org.br\/insulina\/wp-content\/uploads\/2021\/11\/card-1.png 1000w, http:\/\/inaff.org.br\/insulina\/wp-content\/uploads\/2021\/11\/card-1-300x300.png 300w, http:\/\/inaff.org.br\/insulina\/wp-content\/uploads\/2021\/11\/card-1-150x150.png 150w, http:\/\/inaff.org.br\/insulina\/wp-content\/uploads\/2021\/11\/card-1-768x768.png 768w\" sizes=\"(max-width: 1000px) 100vw, 1000px\" \/>\t\t\t\t\t\t\t\t<\/a>\n\t\t\t\t\t\t\t\t\t\t\t<\/div>\n\t\t\t\t<\/div>\n\t\t\t\t<\/div>\n\t\t\t\t\t\t<\/div>\n\t\t\t\t\t<\/div>\n\t\t<\/div>\n\t\t\t\t<div class=\"elementor-column elementor-col-50 elementor-top-column elementor-element elementor-element-24c3ff4\" data-id=\"24c3ff4\" data-element_type=\"column\">\n\t\t\t<div class=\"elementor-column-wrap elementor-element-populated\">\n\t\t\t\t\t\t\t<div class=\"elementor-widget-wrap\">\n\t\t\t\t\t\t<div class=\"elementor-element elementor-element-8e89a80 elementor-invisible elementor-widget elementor-widget-image\" data-id=\"8e89a80\" data-element_type=\"widget\" data-settings=\"{&quot;_animation&quot;:&quot;fadeInRight&quot;}\" data-widget_type=\"image.default\">\n\t\t\t\t<div class=\"elementor-widget-container\">\n\t\t\t\t\t<div class=\"elementor-image\">\n\t\t\t\t\t\t\t\t\t\t\t<a href=\"https:\/\/mailchi.mp\/inaff\/insulina_no\">\n\t\t\t\t\t\t\t<img width=\"1000\" height=\"1000\" src=\"http:\/\/inaff.org.br\/insulina\/wp-content\/uploads\/2021\/11\/card-3.png\" class=\"attachment-large size-large\" alt=\"\" loading=\"lazy\" srcset=\"http:\/\/inaff.org.br\/insulina\/wp-content\/uploads\/2021\/11\/card-3.png 1000w, http:\/\/inaff.org.br\/insulina\/wp-content\/uploads\/2021\/11\/card-3-300x300.png 300w, http:\/\/inaff.org.br\/insulina\/wp-content\/uploads\/2021\/11\/card-3-150x150.png 150w, http:\/\/inaff.org.br\/insulina\/wp-content\/uploads\/2021\/11\/card-3-768x768.png 768w\" sizes=\"(max-width: 1000px) 100vw, 1000px\" \/>\t\t\t\t\t\t\t\t<\/a>\n\t\t\t\t\t\t\t\t\t\t\t<\/div>\n\t\t\t\t<\/div>\n\t\t\t\t<\/div>\n\t\t\t\t\t\t<\/div>\n\t\t\t\t\t<\/div>\n\t\t<\/div>\n\t\t\t\t\t\t\t\t<\/div>\n\t\t\t\t\t<\/div>\n\t\t<\/section>\n\t\t\t\t<section class=\"elementor-section elementor-top-section elementor-element elementor-element-bef6cd5 elementor-section-boxed elementor-section-height-default elementor-section-height-default\" data-id=\"bef6cd5\" data-element_type=\"section\">\n\t\t\t\t\t\t<div class=\"elementor-container elementor-column-gap-default\">\n\t\t\t\t\t\t\t<div class=\"elementor-row\">\n\t\t\t\t\t<div class=\"elementor-column elementor-col-50 elementor-top-column elementor-element elementor-element-a616d8f\" data-id=\"a616d8f\" data-element_type=\"column\">\n\t\t\t<div class=\"elementor-column-wrap\">\n\t\t\t\t\t\t\t<div class=\"elementor-widget-wrap\">\n\t\t\t\t\t\t\t\t<\/div>\n\t\t\t\t\t<\/div>\n\t\t<\/div>\n\t\t\t\t<div class=\"elementor-column elementor-col-50 elementor-top-column elementor-element elementor-element-cfffa7a\" data-id=\"cfffa7a\" data-element_type=\"column\">\n\t\t\t<div class=\"elementor-column-wrap\">\n\t\t\t\t\t\t\t<div class=\"elementor-widget-wrap\">\n\t\t\t\t\t\t\t\t<\/div>\n\t\t\t\t\t<\/div>\n\t\t<\/div>\n\t\t\t\t\t\t\t\t<\/div>\n\t\t\t\t\t<\/div>\n\t\t<\/section>\n\t\t\t\t<section class=\"elementor-section elementor-top-section elementor-element elementor-element-5c00362 elementor-section-boxed elementor-section-height-default elementor-section-height-default\" data-id=\"5c00362\" data-element_type=\"section\">\n\t\t\t\t\t\t<div class=\"elementor-container elementor-column-gap-default\">\n\t\t\t\t\t\t\t<div class=\"elementor-row\">\n\t\t\t\t\t<div class=\"elementor-column elementor-col-100 elementor-top-column elementor-element elementor-element-18c1841\" data-id=\"18c1841\" data-element_type=\"column\">\n\t\t\t<div class=\"elementor-column-wrap elementor-element-populated\">\n\t\t\t\t\t\t\t<div class=\"elementor-widget-wrap\">\n\t\t\t\t\t\t<div class=\"elementor-element elementor-element-8123758 elementor-widget elementor-widget-spacer\" data-id=\"8123758\" data-element_type=\"widget\" data-widget_type=\"spacer.default\">\n\t\t\t\t<div class=\"elementor-widget-container\">\n\t\t\t\t\t<div class=\"elementor-spacer\">\n\t\t\t<div class=\"elementor-spacer-inner\"><\/div>\n\t\t<\/div>\n\t\t\t\t<\/div>\n\t\t\t\t<\/div>\n\t\t\t\t\t\t<\/div>\n\t\t\t\t\t<\/div>\n\t\t<\/div>\n\t\t\t\t\t\t\t\t<\/div>\n\t\t\t\t\t<\/div>\n\t\t<\/section>\n\t\t\t\t<section class=\"elementor-section elementor-top-section elementor-element elementor-element-a40b01b elementor-section-boxed elementor-section-height-default elementor-section-height-default\" data-id=\"a40b01b\" data-element_type=\"section\">\n\t\t\t\t\t\t<div class=\"elementor-container elementor-column-gap-default\">\n\t\t\t\t\t\t\t<div class=\"elementor-row\">\n\t\t\t\t\t<div class=\"elementor-column elementor-col-100 elementor-top-column elementor-element elementor-element-8d67e2b\" data-id=\"8d67e2b\" data-element_type=\"column\">\n\t\t\t<div class=\"elementor-column-wrap elementor-element-populated\">\n\t\t\t\t\t\t\t<div class=\"elementor-widget-wrap\">\n\t\t\t\t\t\t<div class=\"elementor-element elementor-element-d7aed84 elementor-widget elementor-widget-text-editor\" data-id=\"d7aed84\" data-element_type=\"widget\" data-widget_type=\"text-editor.default\">\n\t\t\t\t<div class=\"elementor-widget-container\">\n\t\t\t\t\t<div class=\"elementor-text-editor elementor-clearfix\"><p><span style=\"font-weight: 400;\">O Instituto Nacional de Assist\u00eancia Farmac\u00eautica e Farmacoeconomia promove o Evento Online Acesso a Insulina Humana no SUS voltado a profissionais m\u00e9dicos da aten\u00e7\u00e3o b\u00e1sica das regi\u00f5es do Brasil.<\/span><\/p><p><span style=\"font-weight: 400;\">O objetivo \u00e9 atualizar estes profissionais sobre a evolu\u00e7\u00e3o no tratamento da <\/span><i><span style=\"font-weight: 400;\">diabetes melitus<\/span><\/i><span style=\"font-weight: 400;\"> no SUS e as inova\u00e7\u00f5es tecnol\u00f3gicas no acesso \u00e0s canetas de insulina, j\u00e1 houve incorpora\u00e7\u00f5es de novas tecnologias que est\u00e3o disponibilizadas para as secretarias estaduais e municipais de sa\u00fade. Ser\u00e3o abordados os 100 anos da hist\u00f3ria da insulina, a evolu\u00e7\u00e3o do tratamento do diabetes no sus e a evolu\u00e7\u00e3o do tratamento, mudan\u00e7as na pr\u00e1tica cl\u00ednica das inova\u00e7\u00f5es, acesso e benef\u00edcios cl\u00ednicos da caneta.<\/span><\/p><p><span style=\"font-weight: 400;\">Este evento \u00e9 realizado em todas as regi\u00f5es do Brasil a partir do diagn\u00f3stico situacional sobre os principais problemas sobre armazenamento, transporte, dispensa\u00e7\u00e3o e utiliza\u00e7\u00e3o de insulina nos Estados selecionados para o treinamento atrav\u00e9s de question\u00e1rio aplicado aos gestores.<\/span><\/p><\/div>\n\t\t\t\t<\/div>\n\t\t\t\t<\/div>\n\t\t\t\t\t\t<\/div>\n\t\t\t\t\t<\/div>\n\t\t<\/div>\n\t\t\t\t\t\t\t\t<\/div>\n\t\t\t\t\t<\/div>\n\t\t<\/section>\n\t\t\t\t<section class=\"elementor-section elementor-top-section elementor-element elementor-element-e94e2ff elementor-section-boxed elementor-section-height-default elementor-section-height-default\" data-id=\"e94e2ff\" data-element_type=\"section\">\n\t\t\t\t\t\t<div class=\"elementor-container elementor-column-gap-default\">\n\t\t\t\t\t\t\t<div class=\"elementor-row\">\n\t\t\t\t\t<div class=\"elementor-column elementor-col-100 elementor-top-column elementor-element elementor-element-96ec17d\" data-id=\"96ec17d\" data-element_type=\"column\">\n\t\t\t<div class=\"elementor-column-wrap elementor-element-populated\">\n\t\t\t\t\t\t\t<div class=\"elementor-widget-wrap\">\n\t\t\t\t\t\t<div class=\"elementor-element elementor-element-f31d9d1 elementor-widget elementor-widget-spacer\" data-id=\"f31d9d1\" data-element_type=\"widget\" data-widget_type=\"spacer.default\">\n\t\t\t\t<div class=\"elementor-widget-container\">\n\t\t\t\t\t<div class=\"elementor-spacer\">\n\t\t\t<div class=\"elementor-spacer-inner\"><\/div>\n\t\t<\/div>\n\t\t\t\t<\/div>\n\t\t\t\t<\/div>\n\t\t\t\t\t\t<\/div>\n\t\t\t\t\t<\/div>\n\t\t<\/div>\n\t\t\t\t\t\t\t\t<\/div>\n\t\t\t\t\t<\/div>\n\t\t<\/section>\n\t\t\t\t\t\t<\/div>\n\t\t\t\t\t\t<\/div>\n\t\t\t\t\t<\/div>\n\t\t","protected":false},"excerpt":{"rendered":"<p>Evento Online sobre Inova\u00e7\u00f5es no Tratamento do Diabetes Inscreva-se! O Instituto Nacional de Assist\u00eancia Farmac\u00eautica e Farmacoeconomia promove o Evento Online Acesso a Insulina Humana no SUS voltado a profissionais m\u00e9dicos da aten\u00e7\u00e3o b\u00e1sica das regi\u00f5es do Brasil. O objetivo \u00e9 atualizar estes profissionais sobre a evolu\u00e7\u00e3o no tratamento da diabetes melitus no SUS e &hellip;<\/p>\n<p class=\"read-more\"> <a class=\"\" href=\"http:\/\/inaff.org.br\/insulina\/acesso_medicos\/\"> <span class=\"screen-reader-text\">ACESSO A INSULINAS | M\u00e9dicos da Aten\u00e7\u00e3o B\u00e1sica<\/span> Leia mais \u00bb<\/a><\/p>\n","protected":false},"author":1,"featured_media":0,"parent":0,"menu_order":0,"comment_status":"closed","ping_status":"closed","template":"","meta":[],"_links":{"self":[{"href":"http:\/\/inaff.org.br\/insulina\/wp-json\/wp\/v2\/pages\/1726"}],"collection":[{"href":"http:\/\/inaff.org.br\/insulina\/wp-json\/wp\/v2\/pages"}],"about":[{"href":"http:\/\/inaff.org.br\/insulina\/wp-json\/wp\/v2\/types\/page"}],"author":[{"embeddable":true,"href":"http:\/\/inaff.org.br\/insulina\/wp-json\/wp\/v2\/users\/1"}],"replies":[{"embeddable":true,"href":"http:\/\/inaff.org.br\/insulina\/wp-json\/wp\/v2\/comments?post=1726"}],"version-history":[{"count":48,"href":"http:\/\/inaff.org.br\/insulina\/wp-json\/wp\/v2\/pages\/1726\/revisions"}],"predecessor-version":[{"id":2126,"href":"http:\/\/inaff.org.br\/insulina\/wp-json\/wp\/v2\/pages\/1726\/revisions\/2126"}],"wp:attachment":[{"href":"http:\/\/inaff.org.br\/insulina\/wp-json\/wp\/v2\/media?parent=1726"}],"curies":[{"name":"wp","href":"https:\/\/api.w.org\/{rel}","templated":true}]}}