{"id":22,"date":"2018-11-27T23:28:28","date_gmt":"2018-11-28T02:28:28","guid":{"rendered":"http:\/\/inaff.org.br\/farmhupes2019\/about\/"},"modified":"2022-05-25T14:27:12","modified_gmt":"2022-05-25T17:27:12","slug":"informacoes-gerais","status":"publish","type":"page","link":"http:\/\/inaff.org.br\/farmhupes\/informacoes-gerais\/","title":{"rendered":"Informa\u00e7\u00f5es Gerais"},"content":{"rendered":"\t\t<div data-elementor-type=\"wp-page\" data-elementor-id=\"22\" class=\"elementor elementor-22\">\n\t\t\t\t\t\t\t\t\t<section class=\"elementor-section elementor-top-section elementor-element elementor-element-78a02c4e elementor-section-boxed elementor-section-height-default elementor-section-height-default\" data-id=\"78a02c4e\" data-element_type=\"section\">\n\t\t\t\t\t\t<div class=\"elementor-container elementor-column-gap-default\">\n\t\t\t\t\t<div class=\"elementor-column elementor-col-100 elementor-top-column elementor-element elementor-element-398f2829\" data-id=\"398f2829\" data-element_type=\"column\">\n\t\t\t<div class=\"elementor-widget-wrap elementor-element-populated\">\n\t\t\t\t\t\t\t\t<div class=\"elementor-element elementor-element-c8ce9de elementor-widget elementor-widget-text-editor\" data-id=\"c8ce9de\" data-element_type=\"widget\" data-widget_type=\"text-editor.default\">\n\t\t\t\t<div class=\"elementor-widget-container\">\n\t\t\t<style>\/*! elementor - v3.7.8 - 02-10-2022 *\/\n.elementor-widget-text-editor.elementor-drop-cap-view-stacked .elementor-drop-cap{background-color:#818a91;color:#fff}.elementor-widget-text-editor.elementor-drop-cap-view-framed .elementor-drop-cap{color:#818a91;border:3px solid;background-color:transparent}.elementor-widget-text-editor:not(.elementor-drop-cap-view-default) .elementor-drop-cap{margin-top:8px}.elementor-widget-text-editor:not(.elementor-drop-cap-view-default) .elementor-drop-cap-letter{width:1em;height:1em}.elementor-widget-text-editor .elementor-drop-cap{float:left;text-align:center;line-height:1;font-size:50px}.elementor-widget-text-editor .elementor-drop-cap-letter{display:inline-block}<\/style>\t\t\t\t<p>[vc_row css=&#8221;.vc_custom_1543492822074{padding-bottom: 50px !important;}&#8221;][vc_column][vc_custom_heading text=&#8221;Sobre o Evento&#8221; google_fonts=&#8221;font_family:Roboto%20Condensed%3A300%2C300italic%2Cregular%2Citalic%2C700%2C700italic|font_style:400%20regular%3A400%3Anormal&#8221;][vc_column_text]<\/p><p>Prezados parceiros,<\/p><p>O Setor de Farm\u00e1cia Hospitalar do Hospital Universit\u00e1rio Professor Edgard Santos -HUPES da Universidade Federal da Bahia &#8211; UFBA est\u00e1 inserido em uma institui\u00e7\u00e3o p\u00fablica de car\u00e1ter universit\u00e1rio, possuindo dentre os objetivos principais a forma\u00e7\u00e3o de profissionais \u00e9ticos e capacitados e o fomento ao conhecimento cient\u00edfico. Diante disso, em parceria com o Instituto Nacional de Assist\u00eancia Farmac\u00eautica e Farmacoeconomia \u2013 INAFF, apresenta mais uma a\u00e7\u00e3o de forma\u00e7\u00e3o, convidando a todos para participar da II Semana de Farm\u00e1cia do HUPES. A constru\u00e7\u00e3o da Semana de Farm\u00e1cia est\u00e1 sendo feita por farmac\u00eauticos do pr\u00f3prio Setor, com o cunho estritamente cient\u00edfico, sem fins lucrativos. Os conhecimentos propostos visam o ensino, a assist\u00eancia e a pesquisa como importantes campos de atua\u00e7\u00e3o do profissional farmac\u00eautico.<\/p><p>O evento ser\u00e1 voltado para farmac\u00eauticos, estudantes de farm\u00e1cia e demais profissionais da equipe multiprofissional. Representa uma oportunidade de discuss\u00e3o de temas espec\u00edficos da \u00e1rea da farm\u00e1cia hospitalar, farm\u00e1cia cl\u00ednica, ensino e preceptoria em farm\u00e1cia e de temas relevantes para atua\u00e7\u00e3o do farmac\u00eautico.<\/p><p>Colocamo-nos \u00e0 disposi\u00e7\u00e3o por meio dos contatos abaixo:<\/p><p>E-mail: contato@inaff.org.br; contato@pharmaeventus.com.br<\/p><p>[\/vc_column_text][\/vc_column][\/vc_row][vc_row full_width=&#8221;stretch_row&#8221; css_animation=&#8221;none&#8221; css=&#8221;.vc_custom_1543492863291{padding-top: 50px !important;padding-bottom: 50px !important;background-color: #ffffff !important;}&#8221; el_id=&#8221;inscricoes&#8221;][vc_column][vc_custom_heading text=&#8221;Inscri\u00e7\u00f5es&#8221; google_fonts=&#8221;font_family:Roboto%20Condensed%3A300%2C300italic%2Cregular%2Citalic%2C700%2C700italic|font_style:400%20regular%3A400%3Anormal&#8221;][vc_column_text el_class=&#8221;.table-responsive&#8221;]<\/p><table width=\"400\"><tbody><tr><td style=\"text-align: center;\" width=\"200\"><strong>Categoria<\/strong><\/td><td style=\"text-align: center;\" width=\"200\"><strong>Investimento<\/strong><\/td><td style=\"text-align: center;\" width=\"200\"><strong>Inscri\u00e7\u00e3o<\/strong><\/td><\/tr><tr><td width=\"200\">Estudantes<\/td><td style=\"text-align: center;\" width=\"200\">R$ 50,00<\/td><td style=\"text-align: center;\" width=\"200\"><a href=\"https:\/\/www.pharmaeventus.com.br\/sge\/index.jsp?codEvento=38\"><strong>Clique Aqui<\/strong><\/a><\/td><\/tr><tr><td width=\"200\">Profissionais<\/td><td style=\"text-align: center;\" width=\"200\">R$ 100,00<\/td><td style=\"text-align: center;\" width=\"200\"><a href=\"https:\/\/www.pharmaeventus.com.br\/sge\/index.jsp?codEvento=38\"><strong>Clique Aqui<\/strong><\/a><\/td><\/tr><tr><td style=\"text-align: center;\" colspan=\"2\"><strong>Minicursos<\/strong><\/td><\/tr><tr><td style=\"text-align: center;\">1 Minicurso &#8211; R$ 80,00<\/td><td style=\"text-align: center;\">2 Minicursos &#8211; R$ 120,00<\/td><td style=\"text-align: center;\" width=\"200\"><a href=\"https:\/\/www.pharmaeventus.com.br\/sge\/index.jsp?codEvento=38\"><strong>Clique Aqui<\/strong><\/a><\/td><\/tr><\/tbody><\/table><p>[\/vc_column_text][vc_tta_accordion style=&#8221;modern&#8221; spacing=&#8221;5&#8243; active_section=&#8221;0&#8243; collapsible_all=&#8221;true&#8221;][vc_tta_section title=&#8221;Normas de Inscri\u00e7\u00f5es&#8221; tab_id=&#8221;1530148690845-608b49e5-593d&#8221;][vc_column_text]CPF (Pessoa F\u00edsica); CNPJ (Pessoa Jur\u00eddica);<\/p><ul><li>A inscri\u00e7\u00e3o realizada dar\u00e1 direito a acesso ao evento, abertura, encerramento, confer\u00eancia e palestras conforme programa\u00e7\u00e3o;<\/li><li>S\u00f3 haver\u00e1 uma inscri\u00e7\u00e3o por cadastro.<\/li><\/ul><p>Obs. 1 &#8211; Somente haver\u00e1 inscri\u00e7\u00f5es no local do evento mediante disponibilidade de vagas.<\/p><ul><li>As inscri\u00e7\u00f5es poder\u00e3o ser finalizadas a qualquer momento caso o evento atinja a lota\u00e7\u00e3o m\u00e1xima antes do prazo pr\u00e9-definido para finaliza\u00e7\u00e3o das inscri\u00e7\u00f5es;<\/li><\/ul><p>[\/vc_column_text][\/vc_tta_section][vc_tta_section title=&#8221;Pagamentos&#8221; tab_id=&#8221;1530148690876-b21b4391-154a&#8221;][vc_column_text]Os pagamentos poder\u00e3o ser realizados por boleto banc\u00e1rio, cart\u00e3o de d\u00e9bito ou cr\u00e9dito (Bandeiras: VISA, Mastercard, Elo, American Express, Hipercard e Diners Club).<\/p><ul><li>Boleto banc\u00e1rio, caso o pagamento n\u00e3o seja efetuado at\u00e9 o dia do vencimento ( 3 dias)\u00a0 ser\u00e1 cancelado o boleto.<\/li><li>O boleto pode ser pago em qualquer ag\u00eancia banc\u00e1ria ou via internet banking de seu banco.<\/li><li>Realizando seu pagamento por boleto banc\u00e1rio, n\u00e3o \u00e9 necess\u00e1rio enviar comprovante. Entretanto, sugerimos mant\u00ea-lo em lugar seguro e lev\u00e1-lo ao evento<\/li><\/ul><p>Disponibilizados somente para pagamento com\u00a0<strong>cart\u00e3o de cr\u00e9dito v\u00e1lido.<\/strong>[\/vc_column_text][\/vc_tta_section][vc_tta_section title=&#8221;P\u00fablico Alvo&#8221; tab_id=&#8221;1530732776812-339ab52e-4bf8&#8243;][vc_column_text]<\/p><ul><li>Farmac\u00eauticos<\/li><li>Estudantes de Farm\u00e1cia<\/li><li>Profissionais da Equipe Multiprofissional<\/li><\/ul><p>[\/vc_column_text][\/vc_tta_section][\/vc_tta_accordion][\/vc_column][\/vc_row][vc_row full_width=&#8221;stretch_row&#8221; el_id=&#8221;certificado&#8221; css=&#8221;.vc_custom_1544014634946{padding-top: 50px !important;padding-bottom: 50px !important;}&#8221;][vc_column][vc_custom_heading text=&#8221;Emiss\u00e3o de Certificado&#8221; google_fonts=&#8221;font_family:Roboto%20Condensed%3A300%2C300italic%2Cregular%2Citalic%2C700%2C700italic|font_style:400%20regular%3A400%3Anormal&#8221;][vc_column_text]<strong>Como solicitar<\/strong><\/p><ul><li>A emiss\u00e3o do certificado ser\u00e1 realizado pelo do site do evento, somente aos participantes que comparecerem a no m\u00ednimo 75%\u00a0das atividades programadas, do evento;<\/li><li>Para a emiss\u00e3o do certificado, o participante dever\u00e1 acessar o sistema atrav\u00e9s do e-mail e senha cadastrado no momento da inscri\u00e7\u00e3o, sendo responsabilidade do participante a emiss\u00e3o do mesmo utilizando o site do evento;<\/li><li>N\u00e3o ser\u00e1 poss\u00edvel emiss\u00e3o de certificado ap\u00f3s a data limite, ainda a ser definida.<\/li><\/ul><p>[\/vc_column_text][\/vc_column][\/vc_row]<\/p>\t\t\t\t\t\t<\/div>\n\t\t\t\t<\/div>\n\t\t\t\t\t<\/div>\n\t\t<\/div>\n\t\t\t\t\t\t\t<\/div>\n\t\t<\/section>\n\t\t\t\t\t\t\t<\/div>\n\t\t","protected":false},"excerpt":{"rendered":"<p>[vc_row css=&#8221;.vc_custom_1543492822074{padding-bottom: 50px !important;}&#8221;][vc_column][vc_custom_heading text=&#8221;Sobre o Evento&#8221; google_fonts=&#8221;font_family:Roboto%20Condensed%3A300%2C300italic%2Cregular%2Citalic%2C700%2C700italic|font_style:400%20regular%3A400%3Anormal&#8221;][vc_column_text] Prezados parceiros, O Setor de Farm\u00e1cia Hospitalar do Hospital Universit\u00e1rio Professor Edgard Santos -HUPES da Universidade Federal da Bahia &#8211; UFBA est\u00e1 inserido em uma institui\u00e7\u00e3o p\u00fablica de car\u00e1ter universit\u00e1rio, possuindo dentre os objetivos principais a forma\u00e7\u00e3o de profissionais \u00e9ticos e capacitados e o fomento ao conhecimento<\/p><\/div>\n<div class=\"blog-btn\"><a href=\"http:\/\/inaff.org.br\/farmhupes\/informacoes-gerais\/\" class=\"home-blog-btn\">Ler mais<\/a><\/p>\n","protected":false},"author":1,"featured_media":0,"parent":0,"menu_order":0,"comment_status":"closed","ping_status":"closed","template":"template\/template-about.php","meta":{"footnotes":""},"class_list":["post-22","page","type-page","status-publish","hentry"],"_links":{"self":[{"href":"http:\/\/inaff.org.br\/farmhupes\/wp-json\/wp\/v2\/pages\/22","targetHints":{"allow":["GET"]}}],"collection":[{"href":"http:\/\/inaff.org.br\/farmhupes\/wp-json\/wp\/v2\/pages"}],"about":[{"href":"http:\/\/inaff.org.br\/farmhupes\/wp-json\/wp\/v2\/types\/page"}],"author":[{"embeddable":true,"href":"http:\/\/inaff.org.br\/farmhupes\/wp-json\/wp\/v2\/users\/1"}],"replies":[{"embeddable":true,"href":"http:\/\/inaff.org.br\/farmhupes\/wp-json\/wp\/v2\/comments?post=22"}],"version-history":[{"count":57,"href":"http:\/\/inaff.org.br\/farmhupes\/wp-json\/wp\/v2\/pages\/22\/revisions"}],"predecessor-version":[{"id":897,"href":"http:\/\/inaff.org.br\/farmhupes\/wp-json\/wp\/v2\/pages\/22\/revisions\/897"}],"wp:attachment":[{"href":"http:\/\/inaff.org.br\/farmhupes\/wp-json\/wp\/v2\/media?parent=22"}],"curies":[{"name":"wp","href":"https:\/\/api.w.org\/{rel}","templated":true}]}}